{"id":929,"date":"2020-01-05T01:39:23","date_gmt":"2020-01-05T01:39:23","guid":{"rendered":"https:\/\/flexitcs.net\/?page_id=929"},"modified":"2020-01-05T08:23:24","modified_gmt":"2020-01-05T08:23:24","slug":"it-grundschutz-des-bsi","status":"publish","type":"page","link":"https:\/\/flexitcs.net\/index.php\/it-grundschutz-des-bsi\/","title":{"rendered":"IT-Grundschutz des BSI"},"content":{"rendered":"\n<h2 class=\"wp-block-heading\">IT-Grundschutz des BSI <\/h2>\n\n\n\n<p>Der IT-Grundschutz des deutschen Bundesamt f\u00fcr Sicherheit in der Informationstechnik (BSI) ist eine definierte <strong>Vorgehensweise <\/strong>zum Schutz von IT-Systemen.  Der IT-Grundschutz soll Unternehmen und Organisationen helfen,  notwendige Sicherheitsma\u00dfnahmen strukturiert zu identifizieren und umzusetzen. <\/p>\n\n\n\n<p>Ziel der vorgegebenen Vorgehensweise ist das Erreichen eines  angemessenen und ausreichenden <strong>mittleren Schutzniveaus <\/strong>f\u00fcr IT-Systeme. Dieses Ziel soll erreicht werden \u00fcber:<\/p>\n\n\n\n<ul class=\"wp-block-list\"><li>technische Sicherheitsma\u00dfnahmen nach  <a href=\"https:\/\/de.wikipedia.org\/wiki\/IT-Grundschutz-Kataloge\">IT-Grundschutz-Katalog<\/a><a href=\"https:\/\/de.wikipedia.org\/wiki\/IT-Grundschutz-Kataloge\" class=\"ek-link\">en<\/a><\/li><li>infrastrukturelle, organisatorische und personelle Schutzma\u00dfnahmen <\/li><\/ul>\n\n\n\n<p>Gem\u00e4\u00df der definierten Vorgehensweise sind dabei folgende Schritte zu durchlaufen:<\/p>\n\n\n\n<ul class=\"wp-block-list\"><li>Definition des Informationsverbundes<\/li><li>Durchf\u00fchrung einer IT-Strukturanalyse<\/li><li>Durchf\u00fchrung einer Schutzbedarfsfeststellung<\/li><li>Modellierung<\/li><li>Durchf\u00fchrung eines Basis-Sicherheitschecks<\/li><li>Durchf\u00fchrung einer erg\u00e4nzenden Sicherheitsanalyse (evtl. anschlie\u00dfende Risikoanalyse)<\/li><li>Konsolidierung der Ma\u00dfnahmen<\/li><li>Umsetzung der IT-Grundschutzma\u00dfnahmen<\/li><\/ul>\n\n\n\n<h3 class=\"wp-block-heading\">Abgrenzung zur ISO 2700x<\/h3>\n\n\n\n<p>Der wesentliche Unterschied zur internationalen  <a href=\"https:\/\/flexitcs.net\/index.php\/standardreihe-iso-iec-2700x\/\" class=\"ek-link\">Standardreihe ISO\/IEC 2700x<\/a> ist, dass der IT-Grundschutz auf  eine detaillierte, individuelle\u00a0<em>Risikoanalyse<\/em>\u00a0mit Unterscheidung nach Eintrittswahrscheinlichkeiten und Schadensauswirkungen verzichtet. Stattdessen geht der IT-Grundschutz von von <strong>pauschalen Gef\u00e4hrdungen <\/strong>von IT-Systemen aus und definiert darauf aufbauend Standardmethoden und -ma\u00dfnahmen, die die verschiedenen Bereiche Personal, Geb\u00e4ude, Software, Hardware, Organisation und Kommunikationsnetze abdecken.   Der Grundschutz stellt damit eine Art Kochrezept zur Umsetzung eines normalen Schutzniveaus zur Verf\u00fcgung.  <\/p>\n\n\n\n<p>Dem Konzept liegt die Annahme zugrunde, dass individuellen Analysen (individuelle Identifikationen der zu sch\u00fctzenden Assets) und individuelle Sicherheitskonzepte bei Anwendungen mit normalem Schutzbedarf zu aufwendig sind. Der IT-Grundschutz soll vielmehr auch technisch weniger versierte Personen erm\u00f6glichen, ben\u00f6tigten Ma\u00dfnahmen zu identifizieren und deren Umsetzung zu veranlassen. <\/p>\n\n\n\n<p>Nicht desto trotzt ist es auch beim IT-Grundschutz notwendig, im Rahmen der Schutzbedarfsfeststellung individuell f\u00fcr jedes IT-System die zu erwartenden <strong>Sch\u00e4den abzusch\u00e4tzen<\/strong>, die bei einer Beeintr\u00e4chtigung von Vertraulichkeit, Integrit\u00e4t oder Verf\u00fcgbarkeit entstehen k\u00f6nnen, um hieraus die richtige <strong>Schutzbedarfskategorie<\/strong> und damit den eigentlichen Schutzbedarf zu ermitteln. <\/p>\n\n\n\n<h3 class=\"wp-block-heading\">Bestandteile des IT-Grundschutz  <\/h3>\n\n\n\n<p>Der IT-Grundschutz besteht aus einer Sammlung von Dokumenten, die vom BSI erstellt werden. Die Dokumente werden regelm\u00e4\u00dfig \u00fcberarbeitet und technischen Neuerungen angepasst. Sie lassen sich im Wesentlichen in die BSI-Standards und das IT-Grundschutz-Kompendium unterteilen. <\/p>\n","protected":false},"excerpt":{"rendered":"<p>IT-Grundschutz des BSI Der IT-Grundschutz des deutschen Bundesamt f\u00fcr Sicherheit in der Informationstechnik [&hellip;]<\/p>\n","protected":false},"author":1,"featured_media":0,"parent":0,"menu_order":0,"comment_status":"closed","ping_status":"closed","template":"","meta":{"_editorskit_title_hidden":false,"_editorskit_reading_time":1,"_editorskit_is_block_options_detached":false,"_editorskit_block_options_position":"{}","footnotes":""},"class_list":["post-929","page","type-page","status-publish","hentry"],"yoast_head":"<!-- This site is optimized with the Yoast SEO plugin v25.9 - https:\/\/yoast.com\/wordpress\/plugins\/seo\/ -->\n<title>IT-Grundschutz des BSI - IT-Sicherheit<\/title>\n<meta name=\"description\" content=\"Der IT-Grundschutz des BSI: eine kompakte \u00dcbersicht.\" \/>\n<meta name=\"robots\" content=\"index, follow, max-snippet:-1, max-image-preview:large, max-video-preview:-1\" \/>\n<link rel=\"canonical\" href=\"https:\/\/flexitcs.net\/index.php\/it-grundschutz-des-bsi\/\" \/>\n<meta property=\"og:locale\" content=\"de_DE\" \/>\n<meta property=\"og:type\" content=\"article\" \/>\n<meta property=\"og:title\" content=\"IT-Grundschutz des BSI - IT-Sicherheit\" \/>\n<meta property=\"og:description\" content=\"Der IT-Grundschutz des BSI: eine kompakte \u00dcbersicht.\" \/>\n<meta property=\"og:url\" content=\"https:\/\/flexitcs.net\/index.php\/it-grundschutz-des-bsi\/\" \/>\n<meta property=\"og:site_name\" content=\"Die Digitale Transformation gestalten\" \/>\n<meta property=\"article:modified_time\" content=\"2020-01-05T08:23:24+00:00\" \/>\n<meta name=\"twitter:card\" content=\"summary_large_image\" \/>\n<meta name=\"twitter:label1\" content=\"Gesch\u00e4tzte Lesezeit\" \/>\n\t<meta name=\"twitter:data1\" content=\"2 Minuten\" \/>\n<script type=\"application\/ld+json\" class=\"yoast-schema-graph\">{\"@context\":\"https:\/\/schema.org\",\"@graph\":[{\"@type\":\"WebPage\",\"@id\":\"https:\/\/flexitcs.net\/index.php\/it-grundschutz-des-bsi\/\",\"url\":\"https:\/\/flexitcs.net\/index.php\/it-grundschutz-des-bsi\/\",\"name\":\"IT-Grundschutz des BSI - IT-Sicherheit\",\"isPartOf\":{\"@id\":\"https:\/\/flexitcs.net\/#website\"},\"datePublished\":\"2020-01-05T01:39:23+00:00\",\"dateModified\":\"2020-01-05T08:23:24+00:00\",\"description\":\"Der IT-Grundschutz des BSI: eine kompakte \u00dcbersicht.\",\"breadcrumb\":{\"@id\":\"https:\/\/flexitcs.net\/index.php\/it-grundschutz-des-bsi\/#breadcrumb\"},\"inLanguage\":\"de-AT\",\"potentialAction\":[{\"@type\":\"ReadAction\",\"target\":[\"https:\/\/flexitcs.net\/index.php\/it-grundschutz-des-bsi\/\"]}]},{\"@type\":\"BreadcrumbList\",\"@id\":\"https:\/\/flexitcs.net\/index.php\/it-grundschutz-des-bsi\/#breadcrumb\",\"itemListElement\":[{\"@type\":\"ListItem\",\"position\":1,\"name\":\"Home\",\"item\":\"https:\/\/flexitcs.net\/\"},{\"@type\":\"ListItem\",\"position\":2,\"name\":\"IT-Grundschutz des BSI\"}]},{\"@type\":\"WebSite\",\"@id\":\"https:\/\/flexitcs.net\/#website\",\"url\":\"https:\/\/flexitcs.net\/\",\"name\":\"Die Digitale Transformation gestalten\",\"description\":\"Matthias Bleyl\",\"publisher\":{\"@id\":\"https:\/\/flexitcs.net\/#\/schema\/person\/bdc6fbae07797fec12d64f79bc4649a7\"},\"potentialAction\":[{\"@type\":\"SearchAction\",\"target\":{\"@type\":\"EntryPoint\",\"urlTemplate\":\"https:\/\/flexitcs.net\/?s={search_term_string}\"},\"query-input\":{\"@type\":\"PropertyValueSpecification\",\"valueRequired\":true,\"valueName\":\"search_term_string\"}}],\"inLanguage\":\"de-AT\"},{\"@type\":[\"Person\",\"Organization\"],\"@id\":\"https:\/\/flexitcs.net\/#\/schema\/person\/bdc6fbae07797fec12d64f79bc4649a7\",\"name\":\"Matthias Bleyl\",\"image\":{\"@type\":\"ImageObject\",\"inLanguage\":\"de-AT\",\"@id\":\"https:\/\/flexitcs.net\/#\/schema\/person\/image\/\",\"url\":\"https:\/\/secure.gravatar.com\/avatar\/7a172617327e9b00cf870ce0cdc90766e0fbaa1b9d650feae84dea1de566cb33?s=96&d=mm&r=g\",\"contentUrl\":\"https:\/\/secure.gravatar.com\/avatar\/7a172617327e9b00cf870ce0cdc90766e0fbaa1b9d650feae84dea1de566cb33?s=96&d=mm&r=g\",\"caption\":\"Matthias Bleyl\"},\"logo\":{\"@id\":\"https:\/\/flexitcs.net\/#\/schema\/person\/image\/\"}}]}<\/script>\n<!-- \/ Yoast SEO plugin. -->","yoast_head_json":{"title":"IT-Grundschutz des BSI - IT-Sicherheit","description":"Der IT-Grundschutz des BSI: eine kompakte \u00dcbersicht.","robots":{"index":"index","follow":"follow","max-snippet":"max-snippet:-1","max-image-preview":"max-image-preview:large","max-video-preview":"max-video-preview:-1"},"canonical":"https:\/\/flexitcs.net\/index.php\/it-grundschutz-des-bsi\/","og_locale":"de_DE","og_type":"article","og_title":"IT-Grundschutz des BSI - IT-Sicherheit","og_description":"Der IT-Grundschutz des BSI: eine kompakte \u00dcbersicht.","og_url":"https:\/\/flexitcs.net\/index.php\/it-grundschutz-des-bsi\/","og_site_name":"Die Digitale Transformation gestalten","article_modified_time":"2020-01-05T08:23:24+00:00","twitter_card":"summary_large_image","twitter_misc":{"Gesch\u00e4tzte Lesezeit":"2 Minuten"},"schema":{"@context":"https:\/\/schema.org","@graph":[{"@type":"WebPage","@id":"https:\/\/flexitcs.net\/index.php\/it-grundschutz-des-bsi\/","url":"https:\/\/flexitcs.net\/index.php\/it-grundschutz-des-bsi\/","name":"IT-Grundschutz des BSI - IT-Sicherheit","isPartOf":{"@id":"https:\/\/flexitcs.net\/#website"},"datePublished":"2020-01-05T01:39:23+00:00","dateModified":"2020-01-05T08:23:24+00:00","description":"Der IT-Grundschutz des BSI: eine kompakte \u00dcbersicht.","breadcrumb":{"@id":"https:\/\/flexitcs.net\/index.php\/it-grundschutz-des-bsi\/#breadcrumb"},"inLanguage":"de-AT","potentialAction":[{"@type":"ReadAction","target":["https:\/\/flexitcs.net\/index.php\/it-grundschutz-des-bsi\/"]}]},{"@type":"BreadcrumbList","@id":"https:\/\/flexitcs.net\/index.php\/it-grundschutz-des-bsi\/#breadcrumb","itemListElement":[{"@type":"ListItem","position":1,"name":"Home","item":"https:\/\/flexitcs.net\/"},{"@type":"ListItem","position":2,"name":"IT-Grundschutz des BSI"}]},{"@type":"WebSite","@id":"https:\/\/flexitcs.net\/#website","url":"https:\/\/flexitcs.net\/","name":"Die Digitale Transformation gestalten","description":"Matthias Bleyl","publisher":{"@id":"https:\/\/flexitcs.net\/#\/schema\/person\/bdc6fbae07797fec12d64f79bc4649a7"},"potentialAction":[{"@type":"SearchAction","target":{"@type":"EntryPoint","urlTemplate":"https:\/\/flexitcs.net\/?s={search_term_string}"},"query-input":{"@type":"PropertyValueSpecification","valueRequired":true,"valueName":"search_term_string"}}],"inLanguage":"de-AT"},{"@type":["Person","Organization"],"@id":"https:\/\/flexitcs.net\/#\/schema\/person\/bdc6fbae07797fec12d64f79bc4649a7","name":"Matthias Bleyl","image":{"@type":"ImageObject","inLanguage":"de-AT","@id":"https:\/\/flexitcs.net\/#\/schema\/person\/image\/","url":"https:\/\/secure.gravatar.com\/avatar\/7a172617327e9b00cf870ce0cdc90766e0fbaa1b9d650feae84dea1de566cb33?s=96&d=mm&r=g","contentUrl":"https:\/\/secure.gravatar.com\/avatar\/7a172617327e9b00cf870ce0cdc90766e0fbaa1b9d650feae84dea1de566cb33?s=96&d=mm&r=g","caption":"Matthias Bleyl"},"logo":{"@id":"https:\/\/flexitcs.net\/#\/schema\/person\/image\/"}}]}},"_links":{"self":[{"href":"https:\/\/flexitcs.net\/index.php\/wp-json\/wp\/v2\/pages\/929","targetHints":{"allow":["GET"]}}],"collection":[{"href":"https:\/\/flexitcs.net\/index.php\/wp-json\/wp\/v2\/pages"}],"about":[{"href":"https:\/\/flexitcs.net\/index.php\/wp-json\/wp\/v2\/types\/page"}],"author":[{"embeddable":true,"href":"https:\/\/flexitcs.net\/index.php\/wp-json\/wp\/v2\/users\/1"}],"replies":[{"embeddable":true,"href":"https:\/\/flexitcs.net\/index.php\/wp-json\/wp\/v2\/comments?post=929"}],"version-history":[{"count":0,"href":"https:\/\/flexitcs.net\/index.php\/wp-json\/wp\/v2\/pages\/929\/revisions"}],"wp:attachment":[{"href":"https:\/\/flexitcs.net\/index.php\/wp-json\/wp\/v2\/media?parent=929"}],"curies":[{"name":"wp","href":"https:\/\/api.w.org\/{rel}","templated":true}]}}

<h2 class="wp-block-heading">IT-Grundschutz des BSI </h2>



<p>Der IT-Grundschutz des deutschen Bundesamt für Sicherheit in der Informationstechnik (BSI) ist eine definierte <strong>Vorgehensweise </strong>zum Schutz von IT-Systemen.  Der IT-Grundschutz soll Unternehmen und Organisationen helfen,  notwendige Sicherheitsmaßnahmen strukturiert zu identifizieren und umzusetzen. </p>



<p>Ziel der vorgegebenen Vorgehensweise ist das Erreichen eines  angemessenen und ausreichenden <strong>mittleren Schutzniveaus </strong>für IT-Systeme. Dieses Ziel soll erreicht werden über:</p>



<ul class="wp-block-list"><li>technische Sicherheitsmaßnahmen nach  <a href="https://de.wikipedia.org/wiki/IT-Grundschutz-Kataloge">IT-Grundschutz-Katalog</a><a href="https://de.wikipedia.org/wiki/IT-Grundschutz-Kataloge" class="ek-link">en</a></li><li>infrastrukturelle, organisatorische und personelle Schutzmaßnahmen </li></ul>



<p>Gemäß der definierten Vorgehensweise sind dabei folgende Schritte zu durchlaufen:</p>



<ul class="wp-block-list"><li>Definition des Informationsverbundes</li><li>Durchführung einer IT-Strukturanalyse</li><li>Durchführung einer Schutzbedarfsfeststellung</li><li>Modellierung</li><li>Durchführung eines Basis-Sicherheitschecks</li><li>Durchführung einer ergänzenden Sicherheitsanalyse (evtl. anschließende Risikoanalyse)</li><li>Konsolidierung der Maßnahmen</li><li>Umsetzung der IT-Grundschutzmaßnahmen</li></ul>



<h3 class="wp-block-heading">Abgrenzung zur ISO 2700x</h3>



<p>Der wesentliche Unterschied zur internationalen  <a href="https://flexitcs.net/index.php/standardreihe-iso-iec-2700x/" class="ek-link">Standardreihe ISO/IEC 2700x</a> ist, dass der IT-Grundschutz auf  eine detaillierte, individuelle <em>Risikoanalyse</em> mit Unterscheidung nach Eintrittswahrscheinlichkeiten und Schadensauswirkungen verzichtet. Stattdessen geht der IT-Grundschutz von von <strong>pauschalen Gefährdungen </strong>von IT-Systemen aus und definiert darauf aufbauend Standardmethoden und -maßnahmen, die die verschiedenen Bereiche Personal, Gebäude, Software, Hardware, Organisation und Kommunikationsnetze abdecken.   Der Grundschutz stellt damit eine Art Kochrezept zur Umsetzung eines normalen Schutzniveaus zur Verfügung.  </p>



<p>Dem Konzept liegt die Annahme zugrunde, dass individuellen Analysen (individuelle Identifikationen der zu schützenden Assets) und individuelle Sicherheitskonzepte bei Anwendungen mit normalem Schutzbedarf zu aufwendig sind. Der IT-Grundschutz soll vielmehr auch technisch weniger versierte Personen ermöglichen, benötigten Maßnahmen zu identifizieren und deren Umsetzung zu veranlassen. </p>



<p>Nicht desto trotzt ist es auch beim IT-Grundschutz notwendig, im Rahmen der Schutzbedarfsfeststellung individuell für jedes IT-System die zu erwartenden <strong>Schäden abzuschätzen</strong>, die bei einer Beeinträchtigung von Vertraulichkeit, Integrität oder Verfügbarkeit entstehen können, um hieraus die richtige <strong>Schutzbedarfskategorie</strong> und damit den eigentlichen Schutzbedarf zu ermitteln. </p>



<h3 class="wp-block-heading">Bestandteile des IT-Grundschutz  </h3>



<p>Der IT-Grundschutz besteht aus einer Sammlung von Dokumenten, die vom BSI erstellt werden. Die Dokumente werden regelmäßig überarbeitet und technischen Neuerungen angepasst. Sie lassen sich im Wesentlichen in die BSI-Standards und das IT-Grundschutz-Kompendium unterteilen. </p>

<p>IT-Grundschutz des BSI Der IT-Grundschutz des deutschen Bundesamt für Sicherheit in der Informationstechnik [&hellip;]</p>

<!-- This site is optimized with the Yoast SEO plugin v25.9 - https://yoast.com/wordpress/plugins/seo/ -->
<title>IT-Grundschutz des BSI - IT-Sicherheit</title>
<meta name="description" content="Der IT-Grundschutz des BSI: eine kompakte Übersicht." />
<meta name="robots" content="index, follow, max-snippet:-1, max-image-preview:large, max-video-preview:-1" />
<link rel="canonical" href="https://flexitcs.net/index.php/it-grundschutz-des-bsi/" />
<meta property="og:locale" content="de_DE" />
<meta property="og:type" content="article" />
<meta property="og:title" content="IT-Grundschutz des BSI - IT-Sicherheit" />
<meta property="og:description" content="Der IT-Grundschutz des BSI: eine kompakte Übersicht." />
<meta property="og:url" content="https://flexitcs.net/index.php/it-grundschutz-des-bsi/" />
<meta property="og:site_name" content="Die Digitale Transformation gestalten" />
<meta property="article:modified_time" content="2020-01-05T08:23:24+00:00" />
<meta name="twitter:card" content="summary_large_image" />
<meta name="twitter:label1" content="Geschätzte Lesezeit" />
	<meta name="twitter:data1" content="2 Minuten" />
<script type="application/ld+json" class="yoast-schema-graph">{"@context":"https://schema.org","@graph":[{"@type":"WebPage","@id":"https://flexitcs.net/index.php/it-grundschutz-des-bsi/","url":"https://flexitcs.net/index.php/it-grundschutz-des-bsi/","name":"IT-Grundschutz des BSI - IT-Sicherheit","isPartOf":{"@id":"https://flexitcs.net/#website"},"datePublished":"2020-01-05T01:39:23+00:00","dateModified":"2020-01-05T08:23:24+00:00","description":"Der IT-Grundschutz des BSI: eine kompakte Übersicht.","breadcrumb":{"@id":"https://flexitcs.net/index.php/it-grundschutz-des-bsi/#breadcrumb"},"inLanguage":"de-AT","potentialAction":[{"@type":"ReadAction","target":["https://flexitcs.net/index.php/it-grundschutz-des-bsi/"]}]},{"@type":"BreadcrumbList","@id":"https://flexitcs.net/index.php/it-grundschutz-des-bsi/#breadcrumb","itemListElement":[{"@type":"ListItem","position":1,"name":"Home","item":"https://flexitcs.net/"},{"@type":"ListItem","position":2,"name":"IT-Grundschutz des BSI"}]},{"@type":"WebSite","@id":"https://flexitcs.net/#website","url":"https://flexitcs.net/","name":"Die Digitale Transformation gestalten","description":"Matthias Bleyl","publisher":{"@id":"https://flexitcs.net/#/schema/person/bdc6fbae07797fec12d64f79bc4649a7"},"potentialAction":[{"@type":"SearchAction","target":{"@type":"EntryPoint","urlTemplate":"https://flexitcs.net/?s={search_term_string}"},"query-input":{"@type":"PropertyValueSpecification","valueRequired":true,"valueName":"search_term_string"}}],"inLanguage":"de-AT"},{"@type":["Person","Organization"],"@id":"https://flexitcs.net/#/schema/person/bdc6fbae07797fec12d64f79bc4649a7","name":"Matthias Bleyl","image":{"@type":"ImageObject","inLanguage":"de-AT","@id":"https://flexitcs.net/#/schema/person/image/","url":"https://secure.gravatar.com/avatar/7a172617327e9b00cf870ce0cdc90766e0fbaa1b9d650feae84dea1de566cb33?s=96&d=mm&r=g","contentUrl":"https://secure.gravatar.com/avatar/7a172617327e9b00cf870ce0cdc90766e0fbaa1b9d650feae84dea1de566cb33?s=96&d=mm&r=g","caption":"Matthias Bleyl"},"logo":{"@id":"https://flexitcs.net/#/schema/person/image/"}}]}</script>
<!-- / Yoast SEO plugin. -->

Der IT-Grundschutz des BSI: eine kompakte Übersicht.
